{"id":88,"date":"2026-03-12T12:14:36","date_gmt":"2026-03-12T11:14:36","guid":{"rendered":"https:\/\/perspektiven-fuer-mich.de\/?post_type=product&#038;p=88"},"modified":"2026-03-12T12:18:19","modified_gmt":"2026-03-12T11:18:19","slug":"persoenliche-berufsberatung","status":"publish","type":"product","link":"https:\/\/perspektiven-fuer-mich.de\/index.php\/produkt\/persoenliche-berufsberatung\/","title":{"rendered":"Pers\u00f6nliche Berufsberatung"},"content":{"rendered":"<p>Pers\u00f6nliche Berufsberatung per MS Teams, Zoom o.\u00e4. oder in Pr\u00e4senz.<\/p>\n","protected":false},"excerpt":{"rendered":"<p>Pers\u00f6nliche Berufsberatung per MS Teams, Zoom o.\u00e4. oder in Pr\u00e4senz.<\/p>\n","protected":false},"featured_media":0,"comment_status":"open","ping_status":"closed","template":"","meta":{"neve_meta_sidebar":"","neve_meta_container":"","neve_meta_enable_content_width":"off","neve_meta_content_width":100,"neve_meta_title_alignment":"","neve_meta_author_avatar":"","neve_post_elements_order":"","neve_meta_disable_header":"","neve_meta_disable_footer":"","neve_meta_disable_title":""},"product_brand":[],"product_cat":[41],"product_tag":[],"class_list":{"0":"post-88","1":"product","2":"type-product","3":"status-publish","5":"product_cat-dienstleistung","7":"first","8":"instock","9":"virtual","10":"taxable","11":"purchasable","12":"product-type-simple"},"aioseo_notices":[],"_links":{"self":[{"href":"https:\/\/perspektiven-fuer-mich.de\/index.php\/wp-json\/wp\/v2\/product\/88","targetHints":{"allow":["GET"]}}],"collection":[{"href":"https:\/\/perspektiven-fuer-mich.de\/index.php\/wp-json\/wp\/v2\/product"}],"about":[{"href":"https:\/\/perspektiven-fuer-mich.de\/index.php\/wp-json\/wp\/v2\/types\/product"}],"replies":[{"embeddable":true,"href":"https:\/\/perspektiven-fuer-mich.de\/index.php\/wp-json\/wp\/v2\/comments?post=88"}],"wp:attachment":[{"href":"https:\/\/perspektiven-fuer-mich.de\/index.php\/wp-json\/wp\/v2\/media?parent=88"}],"wp:term":[{"taxonomy":"product_brand","embeddable":true,"href":"https:\/\/perspektiven-fuer-mich.de\/index.php\/wp-json\/wp\/v2\/product_brand?post=88"},{"taxonomy":"product_cat","embeddable":true,"href":"https:\/\/perspektiven-fuer-mich.de\/index.php\/wp-json\/wp\/v2\/product_cat?post=88"},{"taxonomy":"product_tag","embeddable":true,"href":"https:\/\/perspektiven-fuer-mich.de\/index.php\/wp-json\/wp\/v2\/product_tag?post=88"}],"curies":[{"name":"wp","href":"https:\/\/api.w.org\/{rel}","templated":true}]}}